6
Calculate the remainder when 497327 is divided by 124330.
7
Calculate the remainder when 31386 is divided by 15688.
10
What is the remainder when 7962 is divided by 30?
12
Calculate the remainder when 2264 is divided by 788.
688
What is the remainder when 99858 is divided by 167?
159
What is the remainder when 37195 is divided by 2489?
2349
What is the remainder when 869 is divided by 133?
71
Calculate the remainder when 170679 is divided by 7.
5
Calculate the remainder when 47654 is divided by 27.
26
Calculate the remainder when 131451 is divided by 4240.
11
What is the remainder when 5169 is divided by 94?
93
What is the remainder when 14480 is divided by 2065?
25
What is the remainder when 10343 is divided by 179?
140
Calculate the remainder when 16710 is divided by 68.
50
Calculate the remainder when 411 is divided by 29.
5
What is the remainder when 10518 is divided by 112?
102
What is the remainder when 9428 is divided by 61?
34
Calculate the remainder when 15832 is divided by 454.
396
Calculate the remainder when 30599 is divided by 22.
19
Calculate the remainder when 1248 is divided by 11.
5
Calculate the remainder when 1114 is divided by 652.
462
Calculate the remainder when 74550 is divided by 185.
180
Calculate the remainder when 76368 is divided by 404.
12
What is the remainder when 1480 is divided by 37?
0
Calculate the remainder when 1645 is divided by 543.
16
Calculate the remainder when 189720 is divided by 131.
32
What is the remainder when 14064 is divided by 1756?
16
What is the remainder when 1597 is divided by 28?
1
Calculate the remainder when 46080 is divided by 227.
226
What is the remainder when 27060 is divided by 3861?
33
What is the remainder when 277 is divided by 143?
134
Calculate the remainder when 1297220 is divided by 162151.
12
Calculate the remainder when 8355 is divided by 2593.
576
Calculate the remainder when 18237 is divided by 89.
81
What is the remainder when 26311 is divided by 446?
443
Calculate the remainder when 7303 is divided by 1824.
7
Calculate the remainder when 286503 is divided by 95496.
15
Calculate the remainder when 2283 is divided by 680.
243
Calculate the remainder when 8790 is divided by 22.
12
Calculate the remainder when 526 is divided by 337.
189
What is the remainder when 3061 is divided by 380?
21
Calculate the remainder when 5645 is divided by 462.
101
What is the remainder when 29803 is divided by 412?
139
Calculate the remainder when 45897 is divided by 25.
22
What is the remainder when 1770 is divided by 154?
76
Calculate the remainder when 1053 is divided by 76.
65
What is the remainder when 131168 is divided by 17?
13
What is the remainder when 11489 is divided by 427?
387
What is the remainder when 19049 is divided by 743?
474
Calculate the remainder when 6951 is divided by 134.
117
Calculate the remainder when 2883 is divided by 480.
3
Calculate the remainder when 1109023 is divided by 311.
308
What is the remainder when 61081 is divided by 37?
31
Calculate the remainder when 75629 is divided by 57.
47
Calculate the remainder when 1591 is divided by 1496.
95
Calculate the remainder when 4417 is divided by 23.
1
What is the remainder when 2151177 is divided by 38?
35
What is the remainder when 3038 is divided by 1514?
10
What is the remainder when 58948 is divided by 353?
350
What is the remainder when 1264 is divided by 400?
64
What is the remainder when 14183 is divided by 30?
23
Calculate the remainder when 2001577 is divided by 2613.
19
What is the remainder when 5494 is divided by 1750?
244
Calculate the remainder when 192 is divided by 17.
5
Calculate the remainder when 38151 is divided by 2384.
7
Calculate the remainder when 117311 is divided by 47.
46
Calculate the remainder when 7751228 is divided by 48.
44
Calculate the remainder when 16114 is divided by 158.
156
What is the remainder when 53987 is divided by 327?
32
Calculate the remainder when 158234 is divided by 15.
14
Calculate the remainder when 830072 is divided by 1021.
1020
Calculate the remainder when 5466 is divided by 5454.
12
Calculate the remainder when 81773 is divided by 27247.
32
What is the remainder when 5127 is divided by 2544?
39
Calculate the remainder when 2709 is divided by 2682.
27
What is the remainder when 848 is divided by 424?
0
Calculate the remainder when 147104 is divided by 518.
510
What is the remainder when 17458 is divided by 60?
58
Calculate the remainder when 2755 is divided by 846.
217
Calculate the remainder when 2575 is divided by 441.
370
What is the remainder when 13425 is divided by 92?
85
Calculate the remainder when 82880 is divided by 168.
56
What is the remainder when 280407 is divided by 93463?
18
What is the remainder when 8405 is divided by 517?
133
What is the remainder when 38374 is divided by 28?
14
Calculate the remainder when 19211 is divided by 666.
563
What is the remainder when 19139 is divided by 2734?
1
Calculate the remainder when 52701 is divided by 13.
12
Calculate the remainder when 1018 is divided by 504.
10
Calculate the remainder when 72861 is divided by 49.
47
What is the remainder when 3738 is divided by 1828?
82
Calculate the remainder when 11481385 is divided by 43.
41
Calculate the remainder when 138297 is divided by 152.
129
Calculate the remainder when 2816 is divided by 258.
236
What is the remainder when 174724 is divided by 45?
34
Calculate the remainder when 513968 is divided by 499.
497
Calculate the remainder when 133 is divided by 118.
15
Calculate the remainder when 605087 is divided by 792.
791
Calculate the remainder when 108323 is divided by 459.
458
What is the remainder when 587258 is divided by 992?
986
What is the remainder when 62982 is divided by 1125?
1107
What is the remainder when 105699 is divided by 35220?
39
What is the remainder when 41221 is divided by 25?
21
Calculate the remainder when 11914 is divided by 502.
368
What is the remainder when 33693 is divided by 416?
413
What is the remainder when 65319 is divided by 1125?
69
Calculate the remainder when 36819 is divided by 12244.
87
Calculate the remainder when 10371 is divided by 118.
105
What is the remainder when 49946 is divided by 273?
260
Calculate the remainder when 16738 is divided by 2383.
57
What is the remainder when 1057077 is divided by 20?
17
Calculate the remainder when 93055 is divided by 34.
31
Calculate the remainder when 2647 is divided by 660.
7
Calculate the remainder when 6412 is divided by 124.
88
What is the remainder when 10748 is divided by 43?
41
What is the remainder when 24087 is divided by 436?
107
Calculate the remainder when 39657 is divided by 9911.
13
Calculate the remainder when 155199 is divided by 51732.
3
Calculate the remainder when 3573 is divided by 275.
273
Calculate the remainder when 172614 is divided by 100.
14
Calculate the remainder when 1889 is divided by 179.
99
What is the remainder when 156059 is divided by 30?
29
Calculate the remainder when 17832 is divided by 459.
390
Calculate the remainder when 3220 is divided by 124.
120
Calculate the remainder when 47141 is divided by 1079.
744
Calculate the remainder when 609597 is divided by 762.
759
Calculate the remainder when 612928 is divided by 68102.
10
What is the remainder when 61762 is divided by 3?
1
Calculate the remainder when 703 is divided by 264.
175
What is the remainder when 996455 is divided by 20?
15
Calculate the remainder when 1542 is divided by 1260.
282
Calculate the remainder when 1065008 is divided by 1641.
1640
What is the remainder when 37317 is divided by 9325?
17
Calculate the remainder when 1635 is divided by 8.
3
What is the remainder when 8192 is divided by 165?
107
What is the remainder when 75918 is divided by 40?
38
Calculate the remainder when 10296 is divided by 10289.
7
What is the remainder when 70021 is divided by 37?
17
What is the remainder when 45238 is divided by 87?
85
Calculate the remainder when 7456 is divided by 248.
16
Calculate the remainder when 2577 is divided by 5.
2
What is the remainder when 131443 is divided by 82?
79
Calculate the remainder when 2445 is divided by 310.
275
Calculate the remainder when 41542 is divided by 98.
88
Calculate the remainder when 172741 is divided by 54.
49
What is the remainder whe